{"id":275,"date":"2014-11-12T08:11:58","date_gmt":"2014-11-12T08:11:58","guid":{"rendered":"http:\/\/demo.oceanthemes.net\/ananke\/?page_id=275"},"modified":"2021-01-10T20:20:44","modified_gmt":"2021-01-10T20:20:44","slug":"home-slider-light","status":"publish","type":"page","link":"http:\/\/www.kosiflerreklam.com\/","title":{"rendered":"Ana Sayfa"},"content":{"rendered":"<p>[vc_row extra_id=&#8221;home&#8221; fullwidth=&#8221;yes&#8221;][vc_column][rev_slider_vc alias=&#8221;home-slider&#8221;][\/vc_column][\/vc_row][vc_row extra_id=&#8221;about&#8221; ses_title=&#8221;Hakk\u0131m\u0131zda&#8221; fullwidth=&#8221;yes&#8221;][vc_column]<a class=\"scroll\" href=\"#about\"><div  class=\"scroll-btn tipped\" data-title=\"Hakk\u0131m\u0131zda\"><\/div><\/a>[vc_empty_space]\t\n\t<div class=\"video-sections\">\n\t\t<div class=\"video-section-1\" style=\"background: url('http:\/\/www.kosiflerreklam.com\/wp-content\/uploads\/2021\/01\/1980.jpg');\" >\n\t\t\t\t\t\t<div class=\"just_pattern\"><\/div>\n\t\t\t<div class=\"text-over-video\"><\/div>\t\n\t\t<\/div>\t\n\t\t<div class=\"video-section-2\">\t\n\t\t\t<div class=\"container\">\n\t\t\t\t<div class=\"nine columns padding-top-video-sec2\" data-scrollreveal=\"enter right and move 150px over 1s\">\n\t\t\t\t\tKosifler Reklam olarak vizyonumuz, sekt\u00f6r\u00fcn en kaliteli \u00fcr\u00fcn ve servislerini sa\u011flayarak sadece b\u00f6lgemizde de\u011fil, k\u00fcresel olarak da tan\u0131nan bir marka haline gelmektir.\t\t\t\t<\/div>\n\t\t\t\t<div class=\"clear\"><\/div>\n\t\t\t\t<div class=\"nine columns\" data-scrollreveal=\"enter right and move 150px over 1s\">\n\t\t\t\t\tProfesyonel ekibimiz, asla kaybetmedikleri amat\u00f6r ruh ve heyecanlar\u0131yla bu vizyonu ger\u00e7ekle\u015ftirmek yolunda y\u00fcr\u00fcrken, m\u00fc\u015fterilerimizin ko\u015fulsuz memnuniyeti i\u00e7in durmaks\u0131z\u0131n \u00e7al\u0131\u015fmaktad\u0131r.\t\t\t\t<\/div>\n\t\t\t\t<div class=\"clear\"><\/div>\n\t\t\t\t<div class=\"nine columns\" data-scrollreveal=\"enter right and move 150px over 1s\">\n\t\t\t\t\t\u00d6ncesinde 10 senelik at\u00f6lyecilik ge\u00e7mi\u015fi olan kurucumuz, 1980 y\u0131l\u0131nda g\u00fczel sanatlara olan ilgi, beceri ve tecr\u00fcbesini reklamc\u0131l\u0131k sekt\u00f6r\u00fcne ta\u015f\u0131yarak bu alanda \u015fah\u0131s \u015firketini kurmu\u015ftur. 1996 y\u0131l\u0131nda limited \u015firketi \u00fcnvan\u0131 alan \u015firketimiz, daha kurumsal noktaya ta\u015f\u0131nm\u0131\u015ft\u0131r.\t\t\t\t<\/div>\n\t\t\t<\/div>\n\t\t<\/div>\t\n\t<\/div>\n\n[\/vc_column][\/vc_row][vc_row fullwidth=&#8221;yes&#8221;][vc_column][vc_empty_space][\/vc_column][\/vc_row][vc_row wrap_class=&#8221;yes&#8221; fullwidth=&#8221;yes&#8221; css=&#8221;.vc_custom_1610217801614{background-image: url(http:\/\/www.kosiflerreklam.com\/wp-content\/uploads\/2021\/01\/bg2.jpg?id=781) !important;background-position: center !important;background-repeat: no-repeat !important;background-size: cover !important;}&#8221;][vc_column]\t\n\t<div class=\"slideshow\" id=\"slideshow\">\n\t\t<ol class=\"slides\">\n\t\t\t\t\t\t<li class=\"current\">\n\t\t\t\t<div class=\"description\">\n\t\t\t\t\t<h4>Polikarbon Levhalar<\/h4>\n\t\t\t\t\t<p><p>Polikarbon\u00a0levhalar g\u00fcn \u0131\u015f\u0131\u011f\u0131ndan en iyi \u015fekilde yararlanmay\u0131 gerektiren mekanlarda en ideal \u00e7\u00f6z\u00fcm\u00fc sa\u011flad\u0131\u011f\u0131 gibi re\u00e7inesinin \u00f6zelli\u011finden \u00f6t\u00fcr\u00fc darbelere kar\u015f\u0131 son derece dayan\u0131kl\u0131d\u0131r.<\/p>\n<\/p>\n\t\t\t\t<\/div>\n\t\t\t\t<div class=\"tiltview col\">\t\n\t\t\t\t\t\t\t\t\t\t\t\t\t\t\t\t\t<div><a href=\"#\"><img src=\"http:\/\/www.kosiflerreklam.com\/wp-content\/uploads\/2014\/11\/polikarbon2.jpg\" alt=\"\" \/><\/a><\/div> \n\t\t\t\t\t\t\t\t\n\n\t\t\t\t\t\t\t\t\t\t\t\t\t\t\t\t<div><a href=\"#\"><img src=\"http:\/\/www.kosiflerreklam.com\/wp-content\/uploads\/2014\/11\/polikarbon-1.jpg\" alt=\"\" \/><\/a><\/div>\n\t\t\t\t\t\t\t\t\t\t\n\t\t\t\t<\/div>\n\t\t\t<\/li>\n\t\t\t\t\t\t<li class=\"\">\n\t\t\t\t<div class=\"description\">\n\t\t\t\t\t<h4>Kesim Folyolar\u0131<\/h4>\n\t\t\t\t\t<p><p>Kolay kesilebilir ve ay\u0131klanabilir yap\u0131s\u0131yla t\u00fcm cam y\u00fczeylerde, \u0131\u015f\u0131ks\u0131z tabelalarda, y\u00f6nlendirmelerde, vitrin dekorasyonlar\u0131nda, fuar ve kampanya gibi her t\u00fcrl\u00fc g\u00f6rsel ileti\u015fim ihtiya\u00e7lar\u0131na y\u00f6nelik standart uygulamalarda k\u0131sa ve<br \/>\norta vadeli d\u00f6nemler i\u00e7in \u00e7\u00f6z\u00fcmler sunar.<\/p>\n<\/p>\n\t\t\t\t<\/div>\n\t\t\t\t<div class=\"tiltview row\">\t\n\t\t\t\t\t\t\t\t\t\t\t\t\t\t\t\t\t<div><a href=\"#\"><img src=\"http:\/\/www.kosiflerreklam.com\/wp-content\/uploads\/2014\/11\/fh1.jpg\" alt=\"\" \/><\/a><\/div> \n\t\t\t\t\t\t\t\t\n\n\t\t\t\t\t\t\t\t\t\t\t\t\t\t\t\t<div><a href=\"#\"><img src=\"http:\/\/www.kosiflerreklam.com\/wp-content\/uploads\/2014\/11\/fh2.jpg\" alt=\"\" \/><\/a><\/div>\n\t\t\t\t\t\t\t\t\t\t\n\t\t\t\t<\/div>\n\t\t\t<\/li>\n\t\t\t\t\t\t<li class=\"\">\n\t\t\t\t<div class=\"description\">\n\t\t\t\t\t<h4>Akrilik Levhalar<\/h4>\n\t\t\t\t\t<p><p>Tabela ve te\u015fhir sekt\u00f6rleri i\u00e7in kristal parlakl\u0131\u011f\u0131nda, kolay formlanabilir,<\/p>\n<p>k\u0131vr\u0131labilir ve i\u015flenebilir. Uniform malzeme kal\u0131nl\u0131klar\u0131 sayesinde,<\/p>\n<p>bu levhalar bask\u0131 ve lazerle i\u015fleme i\u00e7in en uygun akrilik plakalard\u0131r.<\/p>\n<p>\u00c7ok iyi UV ve d\u0131\u015f ortam dayan\u0131mlar\u0131 sayesinde a\u00e7\u0131k hava uygulamalar\u0131 i\u00e7in<\/p>\n<p>en m\u00fckemmel \u015feffaf malzemelerdir. S\u0131n\u0131rs\u0131z renk \u00e7e\u015fitlili\u011fi vard\u0131r.<\/p>\n<\/p>\n\t\t\t\t<\/div>\n\t\t\t\t<div class=\"tiltview col\">\t\n\t\t\t\t\t\t\t\t\t\t\t\t\t\t\t\t\t<div><a href=\"#\"><img src=\"http:\/\/www.kosiflerreklam.com\/wp-content\/uploads\/2014\/11\/pleksi-seffaf.jpg\" alt=\"\" \/><\/a><\/div> \n\t\t\t\t\t\t\t\t\n\n\t\t\t\t\t\t\t\t\t\t\t\t\t\t\t\t<div><a href=\"#\"><img src=\"http:\/\/www.kosiflerreklam.com\/wp-content\/uploads\/2014\/11\/pleksi-renkli.jpg\" alt=\"\" \/><\/a><\/div>\n\t\t\t\t\t\t\t\t\t\t\n\t\t\t\t<\/div>\n\t\t\t<\/li>\n\t\t\t\t\t\t<li class=\"\">\n\t\t\t\t<div class=\"description\">\n\t\t\t\t\t<h4>Vinil<\/h4>\n\t\t\t\t\t<p><p>Vinil kimyevi olarak PVC kategorisine giren organik bir bile\u015fiktir. Dayan\u0131kl\u0131 ve uzun \u00f6m\u00fcrl\u00fc yap\u0131s\u0131 sayesinde d\u0131\u015f etmenlerden zarar g\u00f6rmez. Hafif ve \u00fczerine bask\u0131 yap\u0131lmas\u0131 kolay olan bir malzemedir. Bu sebeple dijital bask\u0131 sekt\u00f6r\u00fcnde en \u00e7ok kullan\u0131lan malzemelerden biri olan vinil ile uygun fiyatl\u0131 ve dayan\u0131kl\u0131 vinil bask\u0131lar \u00fcretilebilir.<\/p>\n<\/p>\n\t\t\t\t<\/div>\n\t\t\t\t<div class=\"tiltview row\">\t\n\t\t\t\t\t\t\t\t\t\t\t\t\t\t\t\t\t<div><a href=\"#\"><img src=\"http:\/\/www.kosiflerreklam.com\/wp-content\/uploads\/2014\/11\/branda.jpg\" alt=\"\" \/><\/a><\/div> \n\t\t\t\t\t\t\t\t\n\n\t\t\t\t\t\t\t\t\t\t\t\t\t\t\t\t<div><a href=\"#\"><img src=\"http:\/\/www.kosiflerreklam.com\/wp-content\/uploads\/2014\/11\/reflektif-branda.jpg\" alt=\"\" \/><\/a><\/div>\n\t\t\t\t\t\t\t\t\t\t\n\t\t\t\t<\/div>\n\t\t\t<\/li>\n\t\t\t\t\t\t<li class=\"\">\n\t\t\t\t<div class=\"description\">\n\t\t\t\t\t<h4>Bask\u0131 Folyosu &#038; One Way Vision<\/h4>\n\t\t\t\t\t<p><p><strong>One Way Vision<\/strong><\/p>\n<p>P\u00fcr\u00fczs\u00fcz \u015feffaf y\u00fczeylerde ve cam y\u00fczeylerde kullan\u0131lmak \u00fczere, siyah bir arka k\u0131sma sahip olan, \u00f6zel beyaz parlak PVC film. Film y\u00fczeyine bask\u0131 yapt\u0131ktan sonra, d\u0131\u015fardan bask\u0131 g\u00f6z\u00fck\u00fcrken, delikli siyah arka k\u0131s\u0131mdan ki\u015filer de \u00e7evreyi rahat\u00e7a g\u00f6r\u00fcr.<\/p>\n<p>&nbsp;<\/p>\n<p><strong>Bask\u0131 Folyosu<\/strong><\/p>\n<p>\u0130\u00e7 ve d\u0131\u015f mekanlar ile d\u00fcz ve hafif k\u0131vr\u0131ml\u0131 y\u00fczeylerde kullan\u0131l\u0131r. Cam, etiket, bask\u0131, tabela ve fuar dekorasyonu gibi alanlarda k\u0131sa-orta s\u00fcreli uygulamalar i\u00e7in tercih edilir. \u00d6zel i\u00e7eri\u011fi sayesinde bask\u0131lar\u0131n\u0131zda en y\u00fcksek renk kalitesini sunan \u00f6zel PVC yap\u0131s\u0131na sahiptir.<\/p>\n<\/p>\n\t\t\t\t<\/div>\n\t\t\t\t<div class=\"tiltview col\">\t\n\t\t\t\t\t\t\t\t\t\t\t\t\t\t\t\t\t<div><a href=\"#\"><img src=\"http:\/\/www.kosiflerreklam.com\/wp-content\/uploads\/2014\/11\/oneway-yeni.jpg\" alt=\"\" \/><\/a><\/div> \n\t\t\t\t\t\t\t\t\n\n\t\t\t\t\t\t\t\t\t\t\t\t\t\t\t\t<div><a href=\"#\"><img src=\"http:\/\/www.kosiflerreklam.com\/wp-content\/uploads\/2014\/11\/folyo-yeni.jpg\" alt=\"\" \/><\/a><\/div>\n\t\t\t\t\t\t\t\t\t\t\n\t\t\t\t<\/div>\n\t\t\t<\/li>\n\t\t\t\t\t\t<li class=\"\">\n\t\t\t\t<div class=\"description\">\n\t\t\t\t\t<h4>Dekota &#038; Kompozit Panel<\/h4>\n\t\t\t\t\t<p><p><strong>Dekota<\/strong><\/p>\n<p>PVC foam levhalar piyasada Dekota ya da Foreks olarakta bilinirler. Hafif bir malzemedir. Dolay\u0131s\u0131yla i\u015fleme, ta\u015f\u0131ma ve depolama rahatl\u0131\u011f\u0131 sunmaktad\u0131r. D\u00fczg\u00fcn bir y\u00fczeye sahiptir.<\/p>\n<p>&nbsp;<\/p>\n<p><strong>Kompozit Panel<\/strong><\/p>\n<p>Al\u00fcminyum kompozit panel, iki adet al\u00fcminyum levha ve aras\u0131ndaki d\u00fc\u015f\u00fck yo\u011funluklu polietilen dolgunun birle\u015fiminden olu\u015fan yap\u0131 malzemesidir. Yap\u0131\u015ft\u0131r\u0131c\u0131 gran\u00fcl veya film ile polietilenin al\u00fcminyum levhaya yap\u0131\u015fmas\u0131 sa\u011flanmaktad\u0131r. \u00dcst al\u00fcminyum levhan\u0131n boyal\u0131 olmas\u0131ndan dolay\u0131 \u00fcst\u00fcn y\u00fczey dayan\u0131m\u0131na sahiptir. Kompozit panellerimizde; hafiflik, estetik g\u00f6r\u00fcn\u00fc\u015f, h\u0131zl\u0131 ve kolay montaj, y\u00fcksek ses ve \u0131s\u0131 yal\u0131t\u0131m\u0131, \u00e7ok \u00e7e\u015fitli renk ve esnek proje uygulanabilirli\u011fi en belirgin \u00f6zelliklerdir.<\/p>\n<\/p>\n\t\t\t\t<\/div>\n\t\t\t\t<div class=\"tiltview row\">\t\n\t\t\t\t\t\t\t\t\t\t\t\t\t\t\t\t\t<div><a href=\"#\"><img src=\"http:\/\/www.kosiflerreklam.com\/wp-content\/uploads\/2014\/11\/dekota.jpg\" alt=\"\" \/><\/a><\/div> \n\t\t\t\t\t\t\t\t\n\n\t\t\t\t\t\t\t\t\t\t\t\t\t\t\t\t<div><a href=\"#\"><img src=\"http:\/\/www.kosiflerreklam.com\/wp-content\/uploads\/2014\/11\/kompozit.jpg\" alt=\"\" \/><\/a><\/div>\n\t\t\t\t\t\t\t\t\t\t\n\t\t\t\t<\/div>\n\t\t\t<\/li>\n\t\t\t\t\t<\/ol>\t\n\t<\/div>\n\t\n\t<script type=\"text\/javascript\">\n\t\twindow.jQuery = window.$ = jQuery;  \n\t\t(function($) { \"use strict\";\n\t\t\tnew TiltSlider( document.getElementById( 'slideshow' ) );\n\t\t\t\t\t\t\t\/\/Adding autoplay + prev&next buttons to slider.\n\t\t\t\twindow.setInterval(function(){              \n\t\t\t\t\t$('nav>.current').next().trigger('click');\n\t\t\t\t\tif($('nav > .current').next().index() == '-1'){\n\t\t\t\t\t\t$('nav > span').trigger('click');\n\t\t\t\t\t}               \n\t\t\t\t}, 2000);\t\n\t\t\t\t\t})(jQuery);\t\n    <\/script>\n\n[\/vc_column][\/vc_row][vc_row fullwidth=&#8221;yes&#8221;][vc_column][vc_empty_space][\/vc_column][\/vc_row][vc_row extra_id=&#8221;work&#8221; ses_title=&#8221;\u00dcR\u00dcNLER&#8221; fullwidth=&#8221;yes&#8221;][vc_column]\n    <div class=\"clear\"><\/div>\n    <div class=\"portfolio\"><\/div>\n\t<div class=\"expander-wrap relative\">\n\t\t<div id=\"expander-wrap\">\n\t\t\t<p class=\"cls-btn\"><a class=\"close\">X<\/a><\/p>\n\t\t\t<div class=\"expander-inner\"><\/div>\n\t\t<\/div>\n\t<\/div>\t\n\t<div class=\"clear\"><\/div>\t\t\t\n\t<div class=\"container\">\n\t\t<div class=\"twelve columns\">\n\t\t\t<div id=\"portfolio-filter\">\n\t\t\t\t<ul id=\"filter\">\n\t\t\t\t\t<li><a href=\"#\" class=\"current\" data-filter=\"*\" title=\"\">Hepsi<\/a><\/li>\n\t\t\t\t\t\t\t\t\t\t\t<li><a href=\"#\" data-filter=\".aydinlatma-urunleri\">Ayd\u0131nlatma \u00dcr\u00fcnleri<\/a><\/li>\n\t\t\t\t\t\t\t\t\t\t\t<li><a href=\"#\" data-filter=\".folyolar\">Folyolar<\/a><\/li>\n\t\t\t\t\t\t\t\t\t\t\t<li><a href=\"#\" data-filter=\".levhalar\">Levhalar<\/a><\/li>\n\t\t\t\t\t\t\t\t\t<\/ul>\n\t\t\t<\/div>\n\t\t<\/div>\n\t<\/div>\n\t<ul class=\"portfolio-wrap pf_full_width pf_4_cols\">\n\t\t\t\t<li class=\"portfolio-box folyolar \">\t\n\t\t\t<a class=\"expander\" href=\"http:\/\/www.kosiflerreklam.com\/index.php\/portfolio\/tuval-folyo\/\" title=\"\">\n\t\t\t\t\t\t\t\t<img src=\"http:\/\/www.kosiflerreklam.com\/wp-content\/uploads\/bfi_thumb\/tuval2-3cgo4rfzkwl7eio3ez4i68.jpg\" alt=\"\" \/>\t\n\t\t\t\t<div class=\"mask\"><\/div>\n\t\t\t\t<h4>Tuval\u00ae Folyo<\/h4>\n\t\t\t<\/a>\t\n\t\t\t\t\t\t\t<a class=\"fancybox-effects-d\" href=\"http:\/\/www.kosiflerreklam.com\/wp-content\/uploads\/2014\/01\/tuval2.jpg\" title=\"\">\n\t\t\t\t\t<div class=\"fancybox-button\">&#xf106;<\/div>\n\t\t\t\t<\/a>\n\t\t\t\t\n\t\t<\/li>\n\t\t\t\t<li class=\"portfolio-box folyolar \">\t\n\t\t\t<a class=\"expander\" href=\"http:\/\/www.kosiflerreklam.com\/index.php\/portfolio\/oracal\/\" title=\"\">\n\t\t\t\t\t\t\t\t<img src=\"http:\/\/www.kosiflerreklam.com\/wp-content\/uploads\/bfi_thumb\/oracal-3cgobt97bx9l8ih5gsl05c.jpg\" alt=\"\" \/>\t\n\t\t\t\t<div class=\"mask\"><\/div>\n\t\t\t\t<h4>Oracal<\/h4>\n\t\t\t<\/a>\t\n\t\t\t\t\t\t\t<a class=\"fancybox-effects-d\" href=\"http:\/\/www.kosiflerreklam.com\/wp-content\/uploads\/2014\/02\/oracal.jpg\" title=\"\">\n\t\t\t\t\t<div class=\"fancybox-button\">&#xf106;<\/div>\n\t\t\t\t<\/a>\n\t\t\t\t\n\t\t<\/li>\n\t\t\t\t<li class=\"portfolio-box levhalar \">\t\n\t\t\t<a class=\"expander\" href=\"http:\/\/www.kosiflerreklam.com\/index.php\/portfolio\/policam\/\" title=\"\">\n\t\t\t\t\t\t\t\t<img src=\"http:\/\/www.kosiflerreklam.com\/wp-content\/uploads\/bfi_thumb\/policam-3cgodael9oq8t17xe7sd1c.jpg\" alt=\"\" \/>\t\n\t\t\t\t<div class=\"mask\"><\/div>\n\t\t\t\t<h4>Policam<\/h4>\n\t\t\t<\/a>\t\n\t\t\t\t\t\t\t<a class=\"fancybox-effects-d\" href=\"http:\/\/www.kosiflerreklam.com\/wp-content\/uploads\/2014\/03\/policam.jpg\" title=\"\">\n\t\t\t\t\t<div class=\"fancybox-button\">&#xf106;<\/div>\n\t\t\t\t<\/a>\n\t\t\t\t\n\t\t<\/li>\n\t\t\t\t<li class=\"portfolio-box aydinlatma-urunleri \">\t\n\t\t\t<a class=\"expander\" href=\"http:\/\/www.kosiflerreklam.com\/index.php\/portfolio\/aydinlatma-urunleri\/\" title=\"\">\n\t\t\t\t\t\t\t\t<img src=\"http:\/\/www.kosiflerreklam.com\/wp-content\/uploads\/bfi_thumb\/ledtrafo-3cgoh3zoo2dfy5kk5r8cg0.jpg\" alt=\"\" \/>\t\n\t\t\t\t<div class=\"mask\"><\/div>\n\t\t\t\t<h4>Ayd\u0131nlatma \u00dcr\u00fcnleri<\/h4>\n\t\t\t<\/a>\t\n\t\t\t\t\t\t\t<a class=\"fancybox-effects-d\" href=\"http:\/\/www.kosiflerreklam.com\/wp-content\/uploads\/2014\/04\/ledtrafo.jpg\" title=\"\">\n\t\t\t\t\t<div class=\"fancybox-button\">&#xf106;<\/div>\n\t\t\t\t<\/a>\n\t\t\t\t\n\t\t<\/li>\n\t\t\t\t<li class=\"portfolio-box levhalar \">\t\n\t\t\t<a class=\"expander\" href=\"http:\/\/www.kosiflerreklam.com\/index.php\/portfolio\/tuval-dekota-akrilik\/\" title=\"\">\n\t\t\t\t\t\t\t\t<img src=\"http:\/\/www.kosiflerreklam.com\/wp-content\/uploads\/bfi_thumb\/tuvallevha-3cgohifvfpo3jqetgdhr0g.jpg\" alt=\"\" \/>\t\n\t\t\t\t<div class=\"mask\"><\/div>\n\t\t\t\t<h4>Tuval\u00ae Dekota &#038; Akrilik<\/h4>\n\t\t\t<\/a>\t\n\t\t\t\t\t\t\t<a class=\"fancybox-effects-d\" href=\"http:\/\/www.kosiflerreklam.com\/wp-content\/uploads\/2014\/05\/tuvallevha.jpg\" title=\"\">\n\t\t\t\t\t<div class=\"fancybox-button\">&#xf106;<\/div>\n\t\t\t\t<\/a>\n\t\t\t\t\n\t\t<\/li>\n\t\t\t\t<li class=\"portfolio-box levhalar \">\t\n\t\t\t<a class=\"expander\" href=\"http:\/\/www.kosiflerreklam.com\/index.php\/portfolio\/asas\/\" title=\"\">\n\t\t\t\t\t\t\t\t<img src=\"http:\/\/www.kosiflerreklam.com\/wp-content\/uploads\/bfi_thumb\/asas-3cgooqeqf2gpk3sldn0dmo.jpg\" alt=\"\" \/>\t\n\t\t\t\t<div class=\"mask\"><\/div>\n\t\t\t\t<h4>Asa\u015f<\/h4>\n\t\t\t<\/a>\t\n\t\t\t\t\t\t\t<a class=\"fancybox-effects-d\" href=\"http:\/\/www.kosiflerreklam.com\/wp-content\/uploads\/2014\/06\/asas.jpg\" title=\"\">\n\t\t\t\t\t<div class=\"fancybox-button\">&#xf106;<\/div>\n\t\t\t\t<\/a>\n\t\t\t\t\n\t\t<\/li>\n\t\t\t\t<li class=\"portfolio-box levhalar \">\t\n\t\t\t<a class=\"expander\" href=\"http:\/\/www.kosiflerreklam.com\/index.php\/portfolio\/castplas\/\" title=\"\">\n\t\t\t\t\t\t\t\t<img src=\"http:\/\/www.kosiflerreklam.com\/wp-content\/uploads\/bfi_thumb\/castplas-3cgorqyxfuzeq0pu62qwao.jpg\" alt=\"\" \/>\t\n\t\t\t\t<div class=\"mask\"><\/div>\n\t\t\t\t<h4>Castplas<\/h4>\n\t\t\t<\/a>\t\n\t\t\t\t\t\t\t<a class=\"fancybox-effects-d\" href=\"http:\/\/www.kosiflerreklam.com\/wp-content\/uploads\/2014\/07\/castplas.jpg\" title=\"\">\n\t\t\t\t\t<div class=\"fancybox-button\">&#xf106;<\/div>\n\t\t\t\t<\/a>\n\t\t\t\t\n\t\t<\/li>\n\t\t\t\t<li class=\"portfolio-box levhalar \">\t\n\t\t\t<a class=\"expander\" href=\"http:\/\/www.kosiflerreklam.com\/index.php\/portfolio\/birlesik-akrilik\/\" title=\"\">\n\t\t\t\t\t\t\t\t<img src=\"http:\/\/www.kosiflerreklam.com\/wp-content\/uploads\/bfi_thumb\/bas-3cgosi8i1cn9sjp0r1v6kg.jpg\" alt=\"\" \/>\t\n\t\t\t\t<div class=\"mask\"><\/div>\n\t\t\t\t<h4>Birle\u015fik Akrilik<\/h4>\n\t\t\t<\/a>\t\n\t\t\t\t\t\t\t<a class=\"fancybox-effects-d\" href=\"http:\/\/www.kosiflerreklam.com\/wp-content\/uploads\/2014\/09\/bas.jpg\" title=\"\">\n\t\t\t\t\t<div class=\"fancybox-button\">&#xf106;<\/div>\n\t\t\t\t<\/a>\n\t\t\t\t\n\t\t<\/li>\n\t\t\t<\/ul>\n\t\n[\/vc_column][\/vc_row][vc_row fullwidth=&#8221;yes&#8221;][vc_column][vc_empty_space][\/vc_column][\/vc_row][vc_row video_bg=&#8221;yes&#8221; video_bg_url=&#8221;https:\/\/www.youtube.com\/watch?v=jGZs29qZAVQ&#8221; wrap_class=&#8221;yes&#8221; css=&#8221;.vc_custom_1610300506459{padding-top: 100px !important;padding-bottom: 100px !important;background-image: url(http:\/\/www.kosiflerreklam.com\/wp-content\/uploads\/2021\/01\/5.jpg?id=881) !important;background-position: center !important;background-repeat: no-repeat !important;background-size: cover !important;}&#8221;][vc_column][vc_empty_space height=&#8221;350px&#8221;][\/vc_column][\/vc_row][vc_row extra_id=&#8221;contact&#8221; ses_title=&#8221;Bize Ula\u015f\u0131n&#8221;][vc_column width=&#8221;1\/3&#8243;][vc_column_text]<\/p>\n<h6>Merkez<\/h6>\n<p>[\/vc_column_text][vc_column_text]<\/p>\n<p style=\"text-align: center;\">Ferhatpa\u015fa Mh. 35. Sk. No:40<\/p>\n<p style=\"text-align: center;\">Ata\u015fehir \/ \u0130STANBUL<\/p>\n<p>[\/vc_column_text][vc_column_text]<\/p>\n<p style=\"text-align: center;\">(0216) 313 99 59<\/p>\n<p>[\/vc_column_text][vc_column_text]<\/p>\n<h5><span style=\"color: #ff0000;\"><a style=\"color: #ff0000;\" href=\"https:\/\/www.google.com\/maps?q=40.981197357177734,29.17666244506836&amp;z=17&amp;hl=tr\" target=\"_blank\" rel=\"noopener\">Merkez Bina Konum i\u00e7in T\u0131klay\u0131n<\/a><\/span><\/h5>\n<p>[\/vc_column_text][\/vc_column][vc_column width=&#8221;1\/3&#8243;][vc_column_text]<\/p>\n<h6>\u00dcmraniye \u015eube<\/h6>\n<p>[\/vc_column_text][vc_column_text]<\/p>\n<p style=\"text-align: center;\">\u00c7akmak Mh. Tavuk\u00e7uyolu Cd. \u00c7akmak Cami Sk. No:8<\/p>\n<p style=\"text-align: center;\">\u00dcmraniye \/ \u0130STANBUL<\/p>\n<p>[\/vc_column_text][vc_column_text]<\/p>\n<p style=\"text-align: center;\">(0216) 313 99 59<\/p>\n<p>[\/vc_column_text][vc_column_text]<\/p>\n<h5><span style=\"color: #ff0000;\"><a style=\"color: #ff0000;\" href=\"https:\/\/www.google.com\/maps\/search\/%C3%87akmak%20Cami%20Sokak%208\/@41.02004623413086,29.124473571777344,17z?hl=tr\" target=\"_blank\" rel=\"noopener\">\u00dcmraniye \u015eube Konum i\u00e7in T\u0131klay\u0131n<\/a><\/span><\/h5>\n<p>[\/vc_column_text][\/vc_column][vc_column width=&#8221;1\/3&#8243;][vc_column_text]<\/p>\n<h6>Samsun \u015eube<\/h6>\n<p>[\/vc_column_text][vc_column_text]<\/p>\n<p style=\"text-align: center;\">Belediye Evleri Mh. Magosa Sk. No:10<\/p>\n<p style=\"text-align: center;\">Canik \/ SAMSUN<\/p>\n<p>[\/vc_column_text][vc_column_text]<\/p>\n<p style=\"text-align: center;\">(0362) 228 30 55<\/p>\n<p>[\/vc_column_text][vc_column_text]<\/p>\n<h5><span style=\"color: #ff0000;\"><a style=\"color: #ff0000;\" href=\"https:\/\/www.google.com\/maps\/place\/41%C2%B016'19.4%22N+36%C2%B022'02.4%22E\/@41.2720609,36.3651474,17z\/data=!3m1!4b1!4m5!3m4!1s0x0:0x0!8m2!3d41.2720609!4d36.3673361?hl=tr\" target=\"_blank\" rel=\"noopener\">Samsun \u015eube Konum i\u00e7in T\u0131klay\u0131n<\/a><\/span><\/h5>\n<p>[\/vc_column_text][\/vc_column][\/vc_row][vc_row fullwidth=&#8221;yes&#8221; css=&#8221;.vc_custom_1610306076068{padding-bottom: 60px !important;}&#8221;][vc_column]\t\t\n\t<div id=\"google_map\" class=\"show\"  ><\/div>\n\n\t<script type=\"text\/javascript\">\n\t\t(function($) { \"use strict\"\n\t\t\tvar e=new google.maps.LatLng(40.98122167769306,29.1766838556343),\n\t\t\to={zoom:15,center:new google.maps.LatLng(40.98122167769306,29.1766838556343),\n\t\t\tmapTypeId:google.maps.MapTypeId.ROADMAP,\n\t\t\tmapTypeControl:!1,\n\t\t\tscrollwheel:!1,\n\t\t\tdraggable:!0,\n\t\t\tnavigationControl:!1\n\t\t\t},\n\t\t\tn=new google.maps.Map(document.getElementById(\"google_map\"),o);\n\t\t\tgoogle.maps.event.addDomListener(window,\"resize\",function(){var e=n.getCenter();\n\t\t\tgoogle.maps.event.trigger(n,\"resize\"),n.setCenter(e)});\n\t\t\t\n\t\t\tvar g='<div class=\"map-tooltip\"><h6>Kosifler Reklam<\/h6><\/div>',a=new google.maps.InfoWindow({content:g})\n\t\t\t,t=new google.maps.MarkerImage(\"http:\/\/www.kosiflerreklam.com\/wp-content\/uploads\/2014\/11\/map-pin.png\",new google.maps.Size(40,70),\n\t\t\tnew google.maps.Point(0,0),new google.maps.Point(20,55)),\n\t\t\ti=new google.maps.LatLng(40.98122167769306,29.1766838556343),\n\t\t\tp=new google.maps.Marker({position:i,map:n,icon:t,zIndex:3});\n\t\t\tgoogle.maps.event.addListener(p,\"click\",function(){a.open(n,p)});\n\n\t\t\t\n\t\t})(jQuery);\n\t<\/script>\n\n[\/vc_column][\/vc_row]<\/p>\n","protected":false},"excerpt":{"rendered":"<p>[vc_row extra_id=&#8221;home&#8221; fullwidth=&#8221;yes&#8221;][vc_column][rev_slider_vc alias=&#8221;home-slider&#8221;][\/vc_column][\/vc_row][vc_row extra_id=&#8221;about&#8221; ses_title=&#8221;Hakk\u0131m\u0131zda&#8221; fullwidth=&#8221;yes&#8221;][vc_column][vc_empty_space][\/vc_column][\/vc_row][vc_row fullwidth=&#8221;yes&#8221;][vc_column][vc_empty_space][\/vc_column][\/vc_row][vc_row wrap_class=&#8221;yes&#8221; fullwidth=&#8221;yes&#8221; css=&#8221;.vc_custom_1610217801614{background-image: url(http:\/\/www.kosiflerreklam.com\/wp-content\/uploads\/2021\/01\/bg2.jpg?id=781) !important;background-position: center !important;background-repeat: no-repeat !important;background-size: cover !important;}&#8221;][vc_column][\/vc_column][\/vc_row][vc_row fullwidth=&#8221;yes&#8221;][vc_column][vc_empty_space][\/vc_column][\/vc_row][vc_row extra_id=&#8221;work&#8221; ses_title=&#8221;\u00dcR\u00dcNLER&#8221; fullwidth=&#8221;yes&#8221;][vc_column][\/vc_column][\/vc_row][vc_row fullwidth=&#8221;yes&#8221;][vc_column][vc_empty_space][\/vc_column][\/vc_row][vc_row video_bg=&#8221;yes&#8221; video_bg_url=&#8221;https:\/\/www.youtube.com\/watch?v=jGZs29qZAVQ&#8221; wrap_class=&#8221;yes&#8221; css=&#8221;.vc_custom_1610300506459{padding-top: 100px !important;padding-bottom: 100px !important;background-image: url(http:\/\/www.kosiflerreklam.com\/wp-content\/uploads\/2021\/01\/5.jpg?id=881) !important;background-position: center !important;background-repeat: no-repeat !important;background-size: cover !important;}&#8221;][vc_column][vc_empty_space height=&#8221;350px&#8221;][\/vc_column][\/vc_row][vc_row extra_id=&#8221;contact&#8221; ses_title=&#8221;Bize Ula\u015f\u0131n&#8221;][vc_column width=&#8221;1\/3&#8243;][vc_column_text] Merkez [\/vc_column_text][vc_column_text] Ferhatpa\u015fa Mh. 35. Sk. No:40 Ata\u015fehir \/ \u0130STANBUL [&hellip;]<\/p>\n","protected":false},"author":1,"featured_media":0,"parent":0,"menu_order":0,"comment_status":"open","ping_status":"closed","template":"page-templates\/template-canvas.php","meta":[],"_links":{"self":[{"href":"http:\/\/www.kosiflerreklam.com\/index.php\/wp-json\/wp\/v2\/pages\/275"}],"collection":[{"href":"http:\/\/www.kosiflerreklam.com\/index.php\/wp-json\/wp\/v2\/pages"}],"about":[{"href":"http:\/\/www.kosiflerreklam.com\/index.php\/wp-json\/wp\/v2\/types\/page"}],"author":[{"embeddable":true,"href":"http:\/\/www.kosiflerreklam.com\/index.php\/wp-json\/wp\/v2\/users\/1"}],"replies":[{"embeddable":true,"href":"http:\/\/www.kosiflerreklam.com\/index.php\/wp-json\/wp\/v2\/comments?post=275"}],"version-history":[{"count":77,"href":"http:\/\/www.kosiflerreklam.com\/index.php\/wp-json\/wp\/v2\/pages\/275\/revisions"}],"predecessor-version":[{"id":900,"href":"http:\/\/www.kosiflerreklam.com\/index.php\/wp-json\/wp\/v2\/pages\/275\/revisions\/900"}],"wp:attachment":[{"href":"http:\/\/www.kosiflerreklam.com\/index.php\/wp-json\/wp\/v2\/media?parent=275"}],"curies":[{"name":"wp","href":"https:\/\/api.w.org\/{rel}","templated":true}]}}